) = 2*y**2 + 33*y - 2. What is the hundreds digit of d(-27)?
5
Suppose -72 = -15*r + 6*r. Suppose 0 = -r*z + 5*z + 579. What is the units digit of z?
3
Let d = -9 - -9. Suppose 4*l + d*n = -4*n + 44, -4*l - 5*n = -45. What is the units digit of (-83)/(-5) + 4/l?
7
Suppose 1295*k + 13556 = 1299*k. What is the tens digit of k?
8
Let g(w) = -3*w**2 - 6*w - 5. Let t be g(-2). What is the units digit of (-173)/t - 8/(-20)?
5
Let y = -196 + 911. What is the tens digit of y?
1
Let n be (-3)/2 + 9/6. Suppose t + t - 36 = n. Suppose -3*g + t = -3. What is the units digit of g?
7
Let z be (-2)/8 + (-63)/36. Let r be 21/6 + z/4. Let x = r + 23. What is the tens digit of x?
2
Let c(l) = -l**3 + 27*l**2 - 40*l + 29. What is the thousands digit of c(14)?
2
Suppose 4*z = -5*f - 55, -5*z + 11 = -4*f + 90. What is the units digit of z/(-75) + (-114)/(-5)?
3
Suppose 5 + 10 = 3*p. Suppose p*x - 10*x = -665. What is the hundreds digit of x?
1
Suppose 0 = -3*t - 15, b + 11*t - 9*t = 62. What is the units digit of b?
2
Let s(t) = -2*t**3 - 32*t**2 - 2*t + 43. What is the thousands digit of s(-19)?
2
What is the tens digit of (-438 + (-11 - -18))*-1*1?
3
Suppose 9659 = 21*b - 8*b. What is the tens digit of b?
4
Let g be 2*(2 - 4) + 0. Let h be ((-2)/g)/(5/50). Suppose 3*l - h*p - 128 = 0, 0 = -0*l + 4*l - 5*p - 179. What is the units digit of l?
1
What is the hundreds digit of (-3 - 1198/(-5)) + (-9)/15?
2
Let i(w) = -7 - 6 - 1 + 39*w - 7*w. What is the units digit of i(3)?
2
Suppose 4*t = 3*u + 13 + 5, 2*u + 19 = 5*t. Let y be (-4)/(-5)*(-4 - 1). What is the units digit of (1 - -1)/(y/u)?
1
Let x = 782 - -517. What is the units digit of x?
9
Let c = -1471 + 4804. What is the thousands digit of c?
3
Let l(i) = 29*i - 46. Let b be l(12). Suppose 3*d - b = 118. What is the tens digit of d?
4
Suppose 0 = 4*l - 5*s - 391, -3*l + 297 = -2*s - 3*s. What is the tens digit of l?
9
Let r(j) = -j**2 - 2*j + 6. Let n be r(-5). Let y(a) = -9*a + 7 - 38*a**2 - 31*a**2 + a**3 + 77*a**2. What is the units digit of y(n)?
7
Let v(q) be the third derivative of 0 + q**3 + 1/30*q**5 - 3*q**2 + 0*q**4 + 0*q. What is the units digit of v(-3)?
4
Let o(q) = -38*q - 8. Let v be o(5). Let l be -3*(-1)/6*v. Let s = l + 147. What is the units digit of s?
8
Let f(q) = 16*q + 93. What is the hundreds digit of f(8)?
2
Let b = 20 + -40. Let t(u) = u + 43. What is the tens digit of t(b)?
2
Let x(s) = -3*s - 49. Let a be x(-15). Let z(w) = w - 2. Let j be z(0). What is the units digit of j - 45/(a/4)?
3
What is the thousands digit of (-12)/8 + (-50)/(-80)*2276?
1
Let d be (-9)/(-45) - (-14)/5. What is the units digit of (-7)/(-1)*(2 - (4 - d))?
7
Suppose -9*p = -5*p + 552. Let m = -53 - p. What is the tens digit of m?
8
Let i(y) = -2*y**2 - 13*y + 11. Let b(u) = -u**2. Let h(z) = -b(z) + i(z). What is the tens digit of h(-10)?
4
Suppose -k = 10*k - 11517. What is the thousands digit of k?
1
Let f = 130 - 128. Suppose f*t + 4*j = 340, 0 = t - 11*j + 14*j - 170. What is the tens digit of t?
7
Let w = 2 - -95. Suppose 0 = 3*m - w - 101. Suppose z + m = 4*z. What is the tens digit of z?
2
Suppose 0 = -0*g + 5*g. Suppose -2*k - 64 = -x, -3*x + 3*k + 192 = -g*x. What is the tens digit of x?
6
Suppose 20*d + 20 = 15*d. Suppose -n - 1 = 7. What is the units digit of (n/(-10))/(d/(-10))?
2
Suppose -2*q + 95 = -5. Suppose 3*c + 4*x = -q, 2*c + 54 - 17 = x. What is the tens digit of 749/42 + (-3)/c?
1
Suppose 0 = -5*s + 4*a - 402, -3*a - 121 = 4*s + 213. Let x = -160 - s. What is the units digit of 106/13 - (-12)/x?
8
Suppose m - 2*u - 862 = -223, 3*u = 2*m - 1280. What is the hundreds digit of m?
6
Let f = 30 + -17. Let a be 3/(-4*4/(-48)). Let n = a + f. What is the tens digit of n?
2
Let l(i) = 5*i**3 - 8*i**2 + 2*i - 10. What is the hundreds digit of l(6)?
7
Suppose 0 = -146*i + 148*i - 170. What is the units digit of i?
5
Suppose 19*s - 50*s + 104625 = 0. What is the hundreds digit of s?
3
Suppose 5*y = 8 + 2, -5*s = 2*y + 51. Let k(h) = 3*h**2 + 9*h + 23. What is the tens digit of k(s)?
8
Let q be (-20)/6*48/(-20). Suppose 10*v = q*v + 104. What is the units digit of v?
2
Let l(u) be the second derivative of 49*u**3/6 - 3*u**2 + 10*u. Let k be l(2). Suppose -k = -h - h. What is the tens digit of h?
4
Let d(m) = -m**3 + 14*m**2 - 10*m + 9. Let n(s) = s**2 - 6*s - 3. Let f be (-4)/(-14) - 540/(-70). Let l be n(f). What is the units digit of d(l)?
8
Let j = 48 - 48. Suppose j = -5*t - t + 348. What is the units digit of t?
8
Let a(f) = -f. Let c be 3*3*4/(-9). Let v be a(c). Suppose 0 = -5*h - 5*k + 115, 3*h + v*k - 118 = -2*h. What is the units digit of h?
6
Let b = 11 + -8. Suppose h = b*h - 132. Suppose -5*y + 2*y + h = 0. What is the units digit of y?
2
Let f = -3 - -5. Suppose -4*k = -5*c - 238, f*c + 120 = 4*k - 2*k. What is the tens digit of k?
6
Suppose 0 = -3*f + 4*f. Suppose -4*i + 0*i + 24 = f. Suppose i*y - 3*y - 42 = 0. What is the tens digit of y?
1
Suppose -6*z + 2*z + 4*j = 12, -j = 5*z - 3. Suppose 3*a - 104 + 26 = z. What is the units digit of a?
6
Suppose 1764 = f + 2*f + i, -2*f + i + 1171 = 0. What is the tens digit of f?
8
Let h(q) = -q**2 + 6*q - 5. Let c be h(3). Suppose -c*z + 6*z = 230. Let s = 167 - z. What is the tens digit of s?
5
Suppose 19*c = 12*c + 14. Suppose -c*k + 9*k - 1603 = 0. What is the tens digit of k?
2
Let q = 14 + -12. Suppose -q*z + 2*n - 8 = -3*z, -3*z - 5*n = -27. What is the units digit of 316/z + 15/35?
3
Let i be (-13)/(-39) - (-2854)/6. Suppose -5*f = -f + i. Let d = -64 - f. What is the units digit of d?
5
Suppose 0 = -4*c + 74 + 2. Let n = c - 17. Suppose -2*w + 7*w - a = 136, -n*w - a + 60 = 0. What is the tens digit of w?
2
Suppose 1 + 5 = 3*t. Suppose -q + 57 = l, 0 = -t*l + 5 + 5. What is the units digit of q?
2
Let v(u) = 236*u**3 - 2*u + 2. Let p be v(1). Suppose 5*r - r = p. What is the units digit of r?
9
What is the tens digit of 89*(1 + -1 - -5)?
4
Suppose -3 = l - 3*g - 0, 5*g = -2*l + 16. Let z be (3/l - 3) + 6. Suppose -19 = -z*u - 5*h, -u - 4*h + 1 = h. What is the units digit of u?
6
Let i = -10 + 11. Let r be i*(12/(-3) + 0). What is the units digit of -5*8/r - 3?
7
Suppose 5*w + 100 = 10*w. Suppose -w*u + 32 = -18*u. What is the units digit of u?
6
Suppose -b = -4*s - 435, 3*b - 5*s = -4*s + 1349. What is the units digit of b?
1
Suppose 159*r + 1525 = 164*r. Suppose 65 = 5*p + 2*a - r, -2*p + 159 = 3*a. What is the units digit of p?
2
Let p(w) = -w**2 + w + 5. Let g be p(5). Let d(o) = 2 - 4*o - o**3 - 16*o**2 + 5 - 12*o. What is the units digit of d(g)?
2
Let r = -80 - -426. What is the units digit of r?
6
Let q(z) = 67*z**3 - 12*z**2 + 5*z - 5. What is the thousands digit of q(3)?
1
Suppose -33*k + 588 = -12*k. What is the units digit of k?
8
Let y(v) = -28*v - 37. What is the hundreds digit of y(-22)?
5
What is the tens digit of 28*7 + (-65)/13?
9
Let y = 1907 + -1132. What is the tens digit of y?
7
Let q(m) = -m**2 + 3*m - 3. Let d be q(2). Let f = -2951 - -2953. What is the units digit of (d/(-2))/(f/152)?
8
Let n(s) = -5*s**3 + s**2. Let g be n(-1). Suppose g = -0*c + 3*c. Suppose -c*t = 4*u - 38, 5*u - 96 + 26 = 2*t. What is the tens digit of u?
1
Let u be ((-15)/(-20))/(((-21)/12)/(-7)). Suppose l - u = x - 54, 0 = 3*x + l - 157. What is the tens digit of x?
5
Suppose -10 = 2*z, 3*z + 137 + 38 = 5*t. Suppose 10*v - t - 78 = 0. What is the units digit of v?
1
Let a(z) = 10*z - 30. Let n be a(12). Let r be -2*2*(-172)/(-16). Let w = r + n. What is the tens digit of w?
4
Let v be -3 - (2 - (-1 + 3)). Let t be (-4)/6*(-90 - v). Suppose l + 0 - 1 = 0, 2*l = 3*d - t. What is the units digit of d?
0
Let z = -27 + 31. What is the units digit of (-379)/(-3) + z/(-12) + 0?
6
Suppose -f = v - 149, 3*v - 467 = -3*f + 5*f. Suppose 0 = -p - 0*p + v. What is the hundreds digit of p?
1
Suppose 0 = -5*l + 4871 - 156. What is the tens digit of l?
4
Let m(j) = 159*j**2 + 6*j - 77. What is the tens digit of m(-5)?
6
Suppose -4*k - 2*g = -8*k + 82, 3*g = 2*k - 39. Let z(o) = -2*o - 26. Let d be z(-9). Let t = k + d. What is the units digit of t?
3
What is the hundreds digit of 1/(-2 + 8108/4052)?
0
Suppose -640*z = -633*z - 3528. What is the tens digit of z?
0
Suppose -930 - 176 = -2*y - 5*w, 0 = 2*y - 2*w - 1092. Suppose -y = -z - z. What is th